 4 + 219 + -223.
-1
Evaluate 33 + (3 - 29) - -22.
29
-1 + (-21 - (21 - 29))
-14
Evaluate (25 - -3) + -1 - 32.
-5
10 + (-7 - (5 - (8 + -4))) + 10
12
39 + (19 - 22) + -19
17
Calculate (-5 - 0) + 4 + -4 + -15.
-20
Evaluate (-65 - -70) + (-12 - 4).
-11
-32 - -9 - (0 - 13)
-10
Evaluate 3 + (18 - 9) + 6 + -3.
15
What is the value of 0 + 6 + 16 + 13 + -21?
14
(-1 + 28 - 1) + (2 - 0 - 10)
18
8 - (20 + -12 + 23 + (-3 - -1))
-21
Calculate -12 - (26 + -67 + (2 - -9)).
18
Evaluate (-5 - (7 + (7 - 7))) + -5.
-17
What is the value of (-14 + -10 - -14) + 22?
12
(22 - -9) + -15 - (2 - -21)
-7
What is (19 - 0) + (-6 - (13 - 11))?
11
Calculate 1 + 1 - -1 - (-170 + 168).
5
Evaluate (6 - 9 - -18) + -3.
12
Calculate 0 + (-12 + 5 - (-15 + -3) - -6).
17
What is the value of -2 + -1 - (17 + 19 + -59)?
20
What is the value of 23 + (-4 - (17 - 20 - (-6 + -1)))?
15
Evaluate -1 + -4 + (-23 - (-21 + 6)).
-13
7 + -1 - (-52 + 100 - 56)
14
What is the value of -12 + (-22 - (-7 + -40))?
13
What is -1 - (-1 - 0) - (-13 - -45 - 17)?
-15
What is the value of 14 + -12 + (9 - (4 + -1 + -2))?
10
What is the value of 18 + -39 + (-16 - -15)?
-22
Evaluate 13 + -2 + (1 + -3 - (-110 + 113)).
6
What is the value of -18 + 18 + 0 + 52 + -16?
36
What is -1 - (-13 + 5) - -1?
8
Evaluate 5 - 0 - (18 + 9 + -17 + -9).
4
What is the value of -40 + (26 - -8) + -23?
-29
1 - (-2 - ((-1 - -5) + -9)) - -14
12
Calculate (-6 + 5 - -6) + -16 + 7.
-4
Evaluate 0 - 11 - (423 - 445).
11
What is the value of -1 + 2 + 25 + -24?
2
-3 + (10 + -27 + 13 - -5)
-2
What is (-1 - -2) + -1 - (5 + -18 + 7)?
6
Evaluate -100 + 90 - (8 + -38).
20
Calculate 0 - (-4 - -3) - (-28 + 12).
17
(-6 - (-2 - -2)) + 20 + -53 + 71
32
What is 27 + -5 - (243 - 234)?
13
Evaluate -52 + 10 + 32 - (-26 + 0).
16
Calculate (7 - (-9 - (15 - 4))) + (-8 - 1).
18
Calculate 14 + (18 - (49 + -15 + 6)).
-8
Evaluate -2 - (3 + -15 + 4).
6
Calculate (-5 - 13) + -3 + 3 + 13.
-5
What is -4 - ((-8 - 1) + (-10 - -3) + 2)?
10
Evaluate (-9 + 7 - -15) + -2.
11
Evaluate -2 - (-9 - 8) - 20.
-5
(11 - 12) + 31 + -3
27
-8 + -1 + 14 + -4
1
2 + 1 + -98 + 94 + 9
8
Calculate -305 + 300 + (10 - -1).
6
Calculate (-5 + -10 - -13) + -4.
-6
What is -19 + 8 + 6 + -8 + 1 - 3?
-15
What is the value of (-28 - -32) + 5 + 8?
17
92 + -38 + -24 - 36
-6
4 + 17 + (-19 - (-8 - (5 + -4)))
11
-3 + (26 + 0 - (52 + -39))
10
What is the value of (3 - -5) + -7 + -3 - -6?
4
Calculate 4 + -8 + -80 + 95.
11
Evaluate -6 + ((8 - 2) + -10 + 7 - 7).
-10
4 - -17 - (-2 + 5 - (-7 - -7))
18
Evaluate (1 - 23) + 8 + 1 - -7 - -5.
-1
What is the value of 7 + -1 - (-40 - -51 - (5 - 1))?
-1
Evaluate 11 + 4 + -16 + -2 - 25.
-28
What is -1 - ((3 - (0 - 1)) + 20 + -21)?
-4
Evaluate (13 - (-2 + -2)) + (-369 - -354).
2
Evaluate -6 - (-4 - (-6 + 8)) - (0 - -6).
-6
Calculate 15 - 19 - -43 - 19.
20
Calculate -24 + 35 - (9 - -1) - (0 + 2).
-1
What is the value of -5 + (0 - 0 - -17 - (-265 - -267))?
10
Calculate (2 - -15) + (18 - 34).
1
What is the value of (8 - 4) + -8 + 3 - (-19 + 24)?
-6
What is 12 + -2 - (-130 - -133)?
7
Evaluate -1 + -8 - (-52 + 44).
-1
Evaluate -3 + (1 - 6) + 27 - (5 - -1).
13
Evaluate -1 - 8 - (799 - 775 - (-1 + 17)).
-17
What is the value of 27 + (-69 - (-36 - 0))?
-6
What is the value of (8 - 1) + 3 + -2 + (-36 - -35)?
7
Evaluate (0 - 8) + -3 + 7 + -8.
-12
Evaluate 14 - 6 - -11 - 2.
17
Evaluate -25 - (-1 - (-7 - (4 + (-9 - 1)))).
-25
-1 + 4 + (6 - 8) - (58 - 62)
5
Calculate (-11 + 2 - -5 - -2) + -4 + 4.
-2
(-1 - 0) + 3 + 2 + (-416 - -397)
-15
-5 + (2 + (-2 - 7) - -1)
-11
What is the value of 20 + (-7 - (-5 - (6 + -11 + 0)))?
13
-16 + 33 + 2 - (2 + (0 - 0))
17
What is (5 + (5 - -33) - -4) + 46 + -56?
37
(-55 - -33 - -27) + (1 - 1) + 6
11
-21 - (-16 - -17 - 12)
-10
What is the value of (-2 - 15) + -26 + 45?
2
What is -16 - -14 - -19 - (17 - 6)?
6
Calculate -3 - -6 - (14 - 18) - 8.
-1
What is -10 + (4 - ((-1 - (6 + -11)) + -4))?
-6
4 + (-16 - -2) + (29 - (54 + -34))
-1
Calculate (0 - -24 - 51) + 34.
7
Evaluate 16 + 20 + -49 + 17.
4
Calculate 0 + (-2 + -6 - -2 - 0) + 22.
16
Evaluate -457 - -486 - (8 - (1 + -3)).
19
What is -13 + -2 + 12 + (3 - -12)?
12
What is the value of 8 + (5 - (19 - (3 - -9)) - 35)?
-29
What is the value of (-5 - (3 + -22)) + 5?
19
Evaluate (11 - 17) + -15 + 23.
2
What is the value of 15 + -4 + (-4 - (1 + -9))?
15
8 + 0 - (-7 + 1 + 74 + -52)
-8
Evaluate (21 - 2) + -6 + 4.
17
Calculate (-16 - -44) + (-38 - 0).
-10
What is (-383 - -347) + (-1 - -70)?
33
What is the value of -3 - -9 - ((17 - 3) + -14 + -4)?
10
What is (25 - (-35 + 22)) + -21?
17
Evaluate (14 - 5) + (-13 - 3 - 7).
-14
Evaluate 13 - (-2 - 2 - -11) - (-5 + 30).
-19
(-4 - (-9 + -8 + 8)) + (5 - -1)
11
What is the value of -3 + (-8 - 5) + 29 - -3?
16
-1 + -14 - (-53 - (-85 - -35))
-12
What is the value of -16 - ((-4 + 1 + -2 - -2) + -1)?
-12
What is the value of 22 + -48 + 17 + 13?
4
Evaluate 33 + -16 - (0 + 8) - 7.
2
What is -12 - (-21 - -6 - -12)?
-9
Calculate 18 - ((0 - 2) + 10).
10
Calculate -4 + 1 - (15 - (63 - 47)).
-2
What is (1 - (-5 + 1)) + 0 + -12 + 19?
12
Calculate (-21 - -16) + 12 + -23.
-16
What is -70 - (14 + -61) - (0 + 2 + 2)?
-27
Calculate 0 + 44 + -44 + (-5 - -1).
-4
-5 + (-8 + 6 - -10) + 13 - -7
23
Calculate 37 + -46 + 2 + -5.
-12
Evaluate 14 + -27 + 23 - (15 + 0).
-5
Evaluate -18 + 10 - -3 - (-3 + 5) - 16.
-23
Evaluate 128 - 148 - (1 - 35).
14
1 - (-7 + 13 + 4)
-9
(-3 - ((-2 - (-1 - -1)) + -2)) + -5
-4
Evaluate (10 - 9) + 17 + -10.
8
Evaluate 32 - (-26 + (23 - -23)).
12
What is 0 + 5 + 11 + (22 - 43)?
-5
Calculate 27 + 3 + -11 + -6.
13
Evaluate -14 - (5 - 15 - -6).
-10
Evaluate -7 - -17 - 24 - -17 - 34.
-31
What is the value of 15 - (-16 + 4 + 10 - -11)?
6
Evaluate (28 - (-7 - -40)) + 1 + -2.
-6
What is (-18 - (16 - 28)) + -1?
-7
What is the value of 9 + -18 + 11 + 3?
5
What is the value of (-2 - 13) + -1 - (14 + 2 + -21)?
-11
Evaluate -40 + -36 + 73 + (2 + 25 - 0).
24
What is -862 + 877 + 1 + -42 + 0?
-26
Evaluate -12 - (-14 - -5 - -11).
-14
-28 + 38 + 0 - ((2 - 2) + -8)
18
Evaluate 0 + (-3 - 1) + -27 + 32.
1
What is -2 - (-19 + (-1 - 5) + (36 - 27))?
14
Calculate -3 - -2 - 2 - (-80 - -69).
8
What is 19 - (26 + (8 - 33))?
18
What is -28 - ((-2 - -1) + 1 + 264 + -266)?
-26
What is -8 + (3 - (-3 - 0)) - -11?
9
Calculate (3 - (-16 + 25)) + 12 + -19.
-13
Evaluate (38 - 18) + -29 - (-2 - 2).
-5
What is 1 - ((2 - (7 - -2)) + 16)?
-8
Calculate 8 - (-2 + -2 + 10 + -7).
9
Calculate (1 - 1) + 8 + (-6 + 4 - 3).
3
What is the value of -10 + (12 + 9 - 5)?
6
Evaluate (-7 - -5 - 5) + (-5 - -12).
0
What is the value of -1 - -11 - (-7 - -10)?
7
Evaluate (1 - 5) + -10 - -26.
12
What is -28 + 7 - -42 - 26?
-5
What is the value of 31 - (53 + -20) - 25?
-27
Evaluate (-7 - (-22 + (-8 - -14))) + -29.
-20
-23 - (-29 + 3 - -4)
-1
What is the value of (-25 - (-1 - 13) - 18) + 2?
-27
Evaluate (15 + 11 - (53 + 1)) + (1 - 8).
-35
Evaluate 2 - (7 - (7 - (-14 - -10))).
6
What is -17 + 12 + -8 + 2 + (-1 - 4)?
-16
Calculate (-8 - -8) + 22 + -16.
6
Calculate -23 + (1 - -2) + 8 - -13.
1
What is (-6 - -1) + -5 + 14 + -7 - -5?
2
What is the value of 19 + (-18 - (-17 + 4))?
14
Evaluate -3 + 1 + (33 + -11 - 12).
8
4 + 1 + (8 - 8 - 14) + 4
-5
-4 + -10 + (23 - 35) + 25
-1
What is 29 + 10 + 11 + -34?
16
What is -13 + -1 + -248 + 251?
-11
Calculate (1 - -7) + -3 + (-79 - -87).
13
-15 + (8 - -16) + -22
-13
What is the value of 2 + (-9 - -14) - -3 - -5?
15
Calculate 47 + -36 + -23 - (2 - 37).
23
Evaluate 11 - (-1 + (-10 + 19 - (3 + -6))).
0
What is 6 - 14 - (4 - 16)?
4
Evaluate -1 + -2 - 8 - ((-17 - -32) + -13).
-13
Calculate (5 - (-4 + 4)) + 1 + 10 + -2.
14
What is the value of (-9 - 1) + (-6 + -23 - -49)?
10
What is the value of 16 - (-2 + -3 - -4)?
17
Evaluate 0 - 4 - (-2 - -1) - (549 + -557).
5
What is 30 + -21 + -6 - ((-2 - 1) + -19)?
25
What is the value of -1 + (11 + -19 + 19 - 10) - 33?
-33
(-9 - -1) + -1 + -3 + -10 + 14
-8
Evaluate 27 + -17 + -4 - -7.
13
Calculate -16 + 41 + -19 + (0 - 0) + 2.
8
Calculate 5 + 0 - (6 + (-11 - (11 + -35))).
-14
What is -6 + (4 - (3 - (21 + (-1 - 10))))?
5
What is the value of -44 + -4 - (22 - (46 + -7))?
-31
What is 8 + 6 + 11 + -7?
18
Calculate -11 + -8 - (-7 - 4).
-8
1 - (12 + (-4 + -7 - -5) + -4)
-1
What is the value of 6 - (-17 + 8) - (5 - (-7 - -11))?
14
What is 69 - 66 - (-1 - -1)?
3
9 +